 - 26622 = 376*v. Let z be (1 + -1)/(-1) + 2. Let g = z - v. Calculate the greatest common divisor of g and 13.
13
Suppose 2*y + 4 = -4*o, 16 = -3*y - 8*o + 4*o. Let p be 354/9 - 8/y. What is the greatest common divisor of 70 and p?
10
Suppose 44*x + 513 = 48*x + 23*x. Calculate the highest common divisor of 7619 and x.
19
Suppose -5*z - 2*p = -6*p - 54, -22 = -2*z + 2*p. Let t = -14673 - -14763. What is the highest common divisor of t and z?
10
Suppose 2*c - 722 = 3*v, -5*c - 3*v + 2981 = 1155. Calculate the greatest common factor of c and 195.
13
Let v be (3 + (-2874)/8)/(135/(-900)). Calculate the highest common factor of v and 209.
19
Let v be (-5280)/150*90/(-24). Calculate the greatest common factor of 216 and v.
12
Suppose 4*i - 5*x - 334 = 0, 825*x = -3*i + 829*x + 250. Let b = 303 - 88. Calculate the highest common factor of i and b.
43
Suppose 6*f = -2*p + 3*f + 13436, -8 = f. What is the greatest common divisor of 5 and p?
5
Let w = 12531 - 11685. Calculate the greatest common divisor of 1222 and w.
94
Suppose -2*d + 6 = -0. Let t(u) = -44*u - 10*u**2 - 6*u**2 - 11 + 2*u**d + 55*u. Let i be t(8). Calculate the highest common factor of i and 7.
7
Let o(g) = -23*g - 35. Let q be (-12)/(-30) + (-62)/5. Let i be o(q). Suppose -i = 4*n + 2*v - 631, 3 = -v. Calculate the greatest common divisor of 9 and n.
9
Let y = -507 - -661. Calculate the highest common factor of y and 1166.
22
Let x = -20123 - -21719. Calculate the highest common factor of 6156 and x.
228
Let s = 1627 + -1109. Suppose 0 = -5*x + x + 296. Calculate the highest common factor of x and s.
74
Let l = -52 - -98. Let a be (5 - 3)*1/(-2). Let v be (a/(-3))/((-6)/(-414)). What is the highest common factor of v and l?
23
Suppose -3*o = -8*o + 175. Let r = o + -23. Suppose 0 = -5*j - 2*b + 664, -13*b = 2*j - 14*b - 262. What is the greatest common divisor of j and r?
12
Let r = -36 - -51. Suppose 0 = 8*d - 5*d - 714. Let n be 3/(24/d) + 2/8. Calculate the greatest common factor of n and r.
15
Suppose 160 = -2*a + 184. Let q(c) = c + 76. Let b be q(a). Calculate the highest common divisor of b and 572.
44
Suppose 10*g - 1124 = 8*g + x, 0 = -3*x. Let t = -541 + g. Suppose -r - r + 56 = 0. Calculate the greatest common factor of r and t.
7
Suppose 64*q - 12 = 61*q + 5*g, -58 = -5*q + 2*g. What is the greatest common factor of q and 2758?
14
Suppose -8*m + 426 + 318 = 0. Let h = m + -97. Let z = 89 + h. Calculate the greatest common factor of z and 5.
5
Let o = 1532 + -531. Calculate the greatest common factor of o and 286.
143
Suppose -4*s + 316*h + 768 = 312*h, -3*s - 6*h = -549. Let a be 3*(2 - 3/(-9)). Calculate the highest common divisor of s and a.
7
Let z(r) = -5*r**2 - 4 - 75*r**3 + 2*r - 84*r**3 + 160*r**3. Let d be z(5). Suppose 0 = -d*l + 7*l - 70. What is the highest common factor of l and 28?
14
Let t(o) = 16*o**2 + 29*o - 5. Let q = 377 + -381. Let l be t(q). What is the greatest common factor of l and 5?
5
Let z = -247 - -226. Let d(y) = y**3 + 22*y**2 + 21*y + 34. Let u be d(z). What is the highest common factor of u and 153?
17
Let x(k) = -k + 1. Let n(c) = -4*c + 3. Let r(s) = n(s) - 2*x(s). Let a be r(1). Let q be -5 - a - (3 - 32). Calculate the greatest common divisor of q and 5.
5
Suppose 10*x = 476 - 146. Suppose -61 - x = 2*a. Let g = a - -99. What is the greatest common factor of 78 and g?
26
Let h be 13*3 + -33*(-18)/198. What is the highest common factor of 54 and h?
6
Let c(k) = 236*k - 928. Let p be c(4). Calculate the highest common divisor of p and 2032.
16
Suppose -338 = -3*j + t + 42, 124 = j + t. Calculate the highest common factor of j and 999.
9
Suppose 79 = -w + 2*f, 0 = 5*w + 7*f - 2*f + 365. Let t = w + 150. What is the highest common divisor of 3 and t?
3
Suppose -n - 3*h + 29 = 209, -4*h - 12 = 0. Let x = 423 + n. What is the highest common divisor of 21 and x?
21
Let i(c) = c**2 + 4*c - 6. Let l be i(2). Suppose 0 = -6*v + l + 12. What is the highest common divisor of v and 27?
3
Let v(m) be the first derivative of -m**2 + 24*m + 8. Let p be v(4). Calculate the greatest common divisor of p and 944.
16
Suppose -2812 - 2648 = -14*o. What is the greatest common divisor of o and 52?
26
Let p(z) = 113*z - 1. Let t be p(2). Suppose -3*o = -11*o - 3080. Let m be (6 - o/21) + 4/6. Calculate the greatest common factor of m and t.
25
Let b be 140/(2 + 8) + 3. Let q be ((-238)/(-4))/(-7)*-14. Calculate the highest common divisor of q and b.
17
Let t(x) = 12*x**2 - 142*x - 571. Let i be t(-4). What is the greatest common divisor of 427 and i?
7
Let h = -3020 + 3240. Calculate the highest common divisor of 935 and h.
55
Let a = -20 + 34. Suppose -6*m - 8 = -10*m. Calculate the greatest common divisor of a and m.
2
Suppose -47*v = -49*v - 4*u + 360, -v - 5*u + 183 = 0. Calculate the highest common factor of v and 267.
89
Let t(z) = 3*z**3 + 5*z**2 - 11*z + 4. Let y be t(-3). Calculate the greatest common divisor of y and 243.
1
Let f(z) be the first derivative of 2*z**3/3 - 7*z**2/2 - 9*z - 106. Let x be f(-4). Calculate the highest common divisor of x and 85.
17
Suppose 2*a - 15 = 5*t, t + 6 + 15 = 4*a. Suppose -4*s - a*l = -31, 5*s - 40 = -27*l + 22*l. What is the highest common divisor of s and 315?
9
Let z be -2 - -5 - (-2 + 3). Suppose z*k + 52 = k + 5*j, 0 = 5*k + 5*j + 320. Let f be -2*(k/4 - -3). Calculate the highest common divisor of f and 5.
5
Suppose 3*c = 39 - 12. Let n(t) = 4*t - 31. Let f be n(c). Suppose 5*i - 199 = -4*d + 5*d, -5 = -f*d. What is the highest common factor of i and 60?
20
Suppose -l + 3*t = 13 - 22, 4*l = 4*t + 12. Let u be (0 + l)*18/72 - -5. What is the highest common divisor of u and 40?
5
Let p(z) = -42*z**3 + 3*z**2 - 2*z - 11. Let g be p(-3). Suppose 0 = -24*v + 41*v - g. Let m = -135 + 237. Calculate the highest common divisor of m and v.
34
Suppose -a = -4*l + 4 - 10, 0 = -2*a - l - 15. Let w be 3/(a/4)*(-15 + 2). Let x be (-1870)/(-9) + (-2)/(-9). Calculate the greatest common factor of x and w.
26
Let d(a) = 8*a**2 - a. Let q(f) = -3*f + 15. Let i be q(-8). Let w be (-45)/i - 8/(-52). Let n be d(w). What is the highest common factor of 36 and n?
9
Let d = 598 - 459. Suppose d = 9*l + 31. Calculate the highest common factor of 444 and l.
12
Let m = -5844 + 5954. What is the greatest common divisor of 3410 and m?
110
Let x(v) = 24*v**2 - 1. Let k be 1*(-3)/2 + 105/30. Let y be x(k). Suppose -5 = 5*p, -3*j = 3*p - 1 - 110. Calculate the greatest common divisor of y and j.
19
Let x(v) = v**2 + 85*v + 1810. Let f be x(-32). What is the greatest common divisor of f and 1938?
114
Let u(k) = -k**3 - 12*k**2 + 26*k + 46. Let n be u(-14). Suppose -4*z + 0*l - 3*l + 75 = 0, 4*z + 2*l - n = 0. What is the highest common divisor of 711 and z?
9
Let q be 1 + -3 + 3 - -70. Suppose 17 - q = -v. Let x = 21 + v. Calculate the greatest common divisor of 25 and x.
25
Let q(u) = 2*u**3 + 21*u**2 - 11*u + 25. Let f be q(-10). Suppose 0 = -10*x + f + 65. Calculate the highest common factor of 750 and x.
30
Let c(j) = 9*j**2 + 415*j - 298. Let n be c(-47). Calculate the highest common divisor of n and 2262.
78
Suppose 5*r + 3*o - 1118 - 76 = 0, 4*o - 1197 = -5*r. Let q be r + -2*6/(-3). Suppose q - 1186 = -3*a. What is the greatest common factor of a and 35?
35
Suppose -77*f + 105*f - 384 = -164*f. Calculate the highest common factor of f and 504.
2
Let p be (-1 - 107)*9/(-12). Suppose 5*d + 3*b + 25818 = 475, -5059 = d + 3*b. Let a be d/(-187) + (-2)/17. Calculate the highest common factor of p and a.
27
Let p(o) = -17*o**2 + 124*o + 36. Let u be p(7). Calculate the greatest common divisor of u and 60847.
71
Suppose 0 = -63*u + 271 + 863. Suppose -s = 8*b - 3*b - 794, -2*s + 1536 = -3*b. What is the greatest common factor of s and u?
18
Let a(p) = -p**2 + 8*p + 4. Let c be a(4). Let v = c + -13. Let k be ((-60)/8)/(63/(-294)). Calculate the greatest common divisor of k and v.
7
Let z be 15/(-2)*12/(-10). Suppose 2 = z*k - 52. Suppose 2*a + 5*m + 210 = k*a, 0 = 2*a + 5*m - 120. What is the highest common factor of 22 and a?
11
Let r(o) = 41*o - 153. Let g be r(7). Let h be -6 + 9 - -5*29. Let z = h - g. Calculate the highest common divisor of 98 and z.
14
Suppose p = -4*a + 572, 0 = -0*a + 3*a - 6. Calculate the greatest common fac